 6092466 a multiple of 435?
False
Is 56 a factor of 25433910?
False
Does 11 divide 2479983?
True
Does 4 divide 215028780?
True
Is 148119794 a multiple of 3660?
False
Is 1240 a factor of 181430724?
False
Is 54839753 a multiple of 784?
False
Is 41346526 a multiple of 169?
True
Is 676 a factor of 112135954?
False
Is 3303919 a multiple of 119?
False
Does 32 divide 44801211?
False
Does 604 divide 33279119?
False
Is 63996999 a multiple of 38?
False
Is 757 a factor of 96581653?
False
Is 199767837 a multiple of 8?
False
Does 14 divide 6496983?
False
Is 831 a factor of 62595075?
True
Is 269 a factor of 96426278?
True
Is 718 a factor of 802949452?
True
Does 1532 divide 32570320?
True
Is 383733454 a multiple of 3005?
False
Does 13 divide 33270666?
True
Is 44781680 a multiple of 3?
False
Is 93 a factor of 200481005?
False
Does 201 divide 84723723?
False
Is 961099335 a multiple of 505?
True
Does 317 divide 102717665?
False
Is 496687895 a multiple of 364?
False
Does 1176 divide 4492853904?
True
Is 611 a factor of 60843991?
True
Does 137 divide 43442917?
False
Is 13592576 a multiple of 32?
True
Is 51 a factor of 117754782?
False
Is 109 a factor of 6957162?
False
Is 1650 a factor of 174038700?
True
Is 1075 a factor of 99609500?
True
Is 499 a factor of 45313192?
True
Is 26791460 a multiple of 5?
True
Is 405162291 a multiple of 6?
False
Does 5228 divide 2426173644?
True
Is 15992704 a multiple of 896?
True
Does 10 divide 763860910?
True
Is 948 a factor of 57568560?
False
Does 2317 divide 461216064?
False
Does 38 divide 100887854?
False
Is 4 a factor of 14733945?
False
Does 101 divide 328031638?
True
Is 50 a factor of 311935050?
True
Is 26525250 a multiple of 18?
True
Is 44491226 a multiple of 2587?
True
Is 18 a factor of 36132411?
False
Is 2534 a factor of 194525044?
True
Is 3488491760 a multiple of 12?
False
Is 3 a factor of 26590699?
False
Does 52 divide 6963580?
True
Is 178306895 a multiple of 65?
True
Is 129122425 a multiple of 1995?
False
Does 28 divide 2809551332?
True
Is 184915984 a multiple of 562?
True
Is 24 a factor of 1172409545?
False
Is 334921860 a multiple of 3302?
True
Does 65 divide 972060514?
False
Is 1418604384 a multiple of 47?
True
Does 48 divide 10542721?
False
Is 6 a factor of 62897593?
False
Is 13 a factor of 348426624?
True
Is 109 a factor of 74425527?
True
Does 15 divide 1595524109?
False
Does 394 divide 189559237?
False
Is 11891291 a multiple of 24?
False
Does 8 divide 11796850?
False
Does 42 divide 2867676?
True
Does 64 divide 38413184?
True
Is 1170207366 a multiple of 1771?
False
Does 36 divide 26425656?
True
Is 85009134 a multiple of 243?
False
Is 30 a factor of 1357875478?
False
Is 113 a factor of 32268748?
False
Is 10672 a factor of 3771591520?
True
Is 12 a factor of 764688?
True
Does 489 divide 15971738?
False
Is 6793324085 a multiple of 44?
False
Is 241824240 a multiple of 126?
True
Is 183146796 a multiple of 14?
True
Does 17 divide 149128211?
False
Is 11279304 a multiple of 27?
True
Is 1117942 a multiple of 7?
True
Does 530 divide 561820670?
True
Does 1743 divide 239343531?
True
Is 57283555 a multiple of 27?
False
Is 71 a factor of 20634141?
False
Is 149177203 a multiple of 31?
False
Is 212 a factor of 5041360?
True
Does 71 divide 93651400?
False
Is 2012 a factor of 2295259459?
False
Is 10763224 a multiple of 386?
True
Does 291 divide 148730783?
False
Does 1738 divide 179938616?
True
Is 408 a factor of 434950062?
False
Is 8 a factor of 238713908?
False
Does 272 divide 128524080?
True
Does 10 divide 53502359?
False
Is 575931006 a multiple of 9?
True
Is 28 a factor of 58939339?
False
Is 352403478 a multiple of 769?
True
Is 771840 a multiple of 5?
True
Does 36 divide 987437?
False
Is 22 a factor of 292985264?
True
Is 52 a factor of 303246285?
False
Does 29 divide 674946532?
False
Does 15 divide 96335235?
True
Does 874 divide 101377008?
True
Is 478756110 a multiple of 570?
True
Does 541 divide 15970320?
True
Does 8 divide 1513103789?
False
Does 547 divide 23059465?
False
Is 11 a factor of 73489878?
True
Does 221 divide 9275655?
False
Does 11 divide 10566831?
True
Is 34 a factor of 8604059?
False
Is 386786079 a multiple of 267?
True
Is 61 a factor of 4643869?
True
Is 588 a factor of 1622909988?
True
Is 433642706 a multiple of 302?
True
Does 1045 divide 817076095?
True
Is 9883950 a multiple of 15?
True
Is 925207516 a multiple of 321?
False
Does 20 divide 69402414?
False
Is 160259174 a multiple of 4357?
True
Does 45 divide 7013070?
True
Is 150 a factor of 2497641?
False
Is 4052546190 a multiple of 5610?
True
Is 302306310 a multiple of 9?
True
Does 5 divide 1775002160?
True
Does 2192 divide 313957968?
True
Does 815 divide 71129125?
True
Is 518265348 a multiple of 3420?
False
Does 9 divide 49416131?
False
Is 4 a factor of 12754997?
False
Does 320 divide 68014400?
True
Does 16 divide 32167478?
False
Is 1981 a factor of 168169129?
False
Is 593581639 a multiple of 2555?
False
Is 339218388 a multiple of 12?
True
Is 178 a factor of 16709977?
False
Is 5243832 a multiple of 11?
True
Is 233 a factor of 2643621495?
True
Is 843 a factor of 2998814859?
True
Is 16 a factor of 10625968?
True
Is 4659233227 a multiple of 1222?
False
Is 21999660 a multiple of 177?
False
Is 114939078 a multiple of 1023?
False
Is 174277572 a multiple of 5819?
False
Is 646578770 a multiple of 61?
False
Does 816 divide 693165072?
True
Does 19 divide 89205228?
True
Is 184333529 a multiple of 4?
False
Does 74 divide 3282640?
True
Is 222328786 a multiple of 614?
True
Is 78643554 a multiple of 22?
True
Is 1004 a factor of 33136016?
True
Is 294388743 a multiple of 33?
True
Does 2289 divide 3287004?
True
Is 103 a factor of 40865709?
False
Does 17 divide 189246029?
False
Is 27009971 a multiple of 82?
False
Is 160671988 a multiple of 746?
True
Is 596242668 a multiple of 84?
True
Is 2398 a factor of 514646770?
True
Is 78651997 a multiple of 2083?
True
Does 1057 divide 378617400?
True
Is 3664 a factor of 138147456?
True
Is 386 a factor of 149827444?
True
Is 53 a factor of 224352894?
False
Does 1351 divide 180335746?
False
Is 11 a factor of 280597004?
False
Is 25 a factor of 30606425?
True
Does 2 divide 210053117?
False
Is 2196874 a multiple of 10?
False
Is 10884017 a multiple of 315?
False
Is 3 a factor of 36697495?
False
Is 328 a factor of 136427505?
False
Is 21 a factor of 381141558?
True
Does 4 divide 1886207?
False
Does 112 divide 302178279?
False
Is 34 a factor of 334416729?
False
Does 59 divide 69351069?
False
Does 248 divide 18771616?
True
Is 211974858 a multiple of 73?
False
Does 69 divide 127827468?
True
Is 75 a factor of 772525425?
True
Is 313008975 a multiple of 5?
True
Is 2579 a factor of 2701523098?
False
Is 11 a factor of 76550991?
True
Is 1287 a factor of 57532025?
False
Is 43 a factor of 282055189?
True
Is 60 a factor of 368770?
False
Does 18 divide 5969657?
False
Does 4315 divide 91792995?
True
Is 127 a factor of 506596523?
True
Does 453 divide 171053796?
False
Is 3484 a factor of 878033056?
False
Is 2850 a factor of 1657721799?
False
Does 16 divide 21744329?
False
Does 97 divide 128039321?
True
Is 2213 a factor of 203407895?
True
Is 29999313 a multiple of 120?
False
Does 3652 divide 311242211?
False
Is 483 a factor of 9638265?
True
Does 175 divide 26406975?
True
Does 1467 divide 59968026?
True
Is 221439186 a multiple of 1494?
True
Is 825602700 a multiple of 26?
True
Does 595 divide 1216724425?
True
Is 10216758 a multiple of 28?
False
Is 29 a factor of 105968408?
False
Is 515865 a multiple of 3?
True
Is 300358827 a multiple of 209?
False
Does 315 divide 15417360?
True
Is 309 a factor of 38846862?
True
Is 303956740 a multiple of 4430?
False
Is 39 a factor of 109546242?
True
Is 68 a factor of 159238116?
True
Does 12 divide 339535334?
False
Does 1187 divide 42134939?
True
Is 1847 a factor of 229602084?
False
Is 666 a factor of 778498722?
True
Is 602526231 a multiple of 1473?
True
Is 2474323786 a multiple of 2590?
False
Is 248994342 a multiple of 9?
True
Is 34 a factor of 9495785?
False
Is 215 a factor of 934474065?
True
Does 349 divide 359337380?
True
Does 234 divide 200367301?
False
Is 2626 a factor of 107828812?
True
Is 24603920 a multiple of 175?
False
Does 261 divide 923329782?
True
Is 8 a factor of 36168496?
True
Does 547 divide 225155593?
True
Is 85 a factor 